{"id":5790,"date":"2023-02-12T15:04:43","date_gmt":"2023-02-12T14:04:43","guid":{"rendered":"http:\/\/www.parrocchiasgibattista.it\/wordpress\/?post_type=tribe_events&#038;p=5790"},"modified":"2023-02-12T20:02:30","modified_gmt":"2023-02-12T19:02:30","slug":"mercoledi-delle-ceneri","status":"publish","type":"tribe_events","link":"https:\/\/www.parrocchiasgibattista.it\/wordpress\/event\/mercoledi-delle-ceneri\/","title":{"rendered":"Mercoledi delle Ceneri"},"content":{"rendered":"<p>Mercoledi 22 Febbraio alle ore 18.00 presso la Chiesa Parrocchiale, si celebrer\u00e0 la Santa Messa delle CENERI che dar\u00e0 inizio al cammino penitenziale della Quaresima che ci condurr\u00e0 verso la Santa Pasqua.<\/p>\n<p><img loading=\"lazy\" decoding=\"async\" class=\"aligncenter wp-image-5792\" src=\"http:\/\/www.parrocchiasgibattista.it\/wordpress\/wp-content\/uploads\/2023\/02\/Ufficio-Liturgico-Ceneri-1024x480.jpg\" alt=\"\" width=\"800\" height=\"375\" srcset=\"https:\/\/www.parrocchiasgibattista.it\/wordpress\/wp-content\/uploads\/2023\/02\/Ufficio-Liturgico-Ceneri-1024x480.jpg 1024w, https:\/\/www.parrocchiasgibattista.it\/wordpress\/wp-content\/uploads\/2023\/02\/Ufficio-Liturgico-Ceneri-300x141.jpg 300w, https:\/\/www.parrocchiasgibattista.it\/wordpress\/wp-content\/uploads\/2023\/02\/Ufficio-Liturgico-Ceneri-768x360.jpg 768w, https:\/\/www.parrocchiasgibattista.it\/wordpress\/wp-content\/uploads\/2023\/02\/Ufficio-Liturgico-Ceneri-520x245.jpg 520w, https:\/\/www.parrocchiasgibattista.it\/wordpress\/wp-content\/uploads\/2023\/02\/Ufficio-Liturgico-Ceneri.jpg 1280w\" sizes=\"auto, (max-width: 800px) 100vw, 800px\" \/><\/p>\n","protected":false},"excerpt":{"rendered":"<p>Mercoledi 22 Febbraio alle ore 18.00 presso la Chiesa Parrocchiale, si celebrer\u00e0 la Santa Messa delle CENERI che dar\u00e0 inizio al cammino penitenziale della Quaresima&#46;&#46;&#46;<\/p>\n","protected":false},"author":2,"featured_media":5792,"template":"","meta":{"_tribe_events_status":"","_tribe_events_status_reason":"","footnotes":""},"tags":[],"tribe_events_cat":[],"class_list":["post-5790","tribe_events","type-tribe_events","status-publish","has-post-thumbnail","hentry"],"_links":{"self":[{"href":"https:\/\/www.parrocchiasgibattista.it\/wordpress\/wp-json\/wp\/v2\/tribe_events\/5790","targetHints":{"allow":["GET"]}}],"collection":[{"href":"https:\/\/www.parrocchiasgibattista.it\/wordpress\/wp-json\/wp\/v2\/tribe_events"}],"about":[{"href":"https:\/\/www.parrocchiasgibattista.it\/wordpress\/wp-json\/wp\/v2\/types\/tribe_events"}],"author":[{"embeddable":true,"href":"https:\/\/www.parrocchiasgibattista.it\/wordpress\/wp-json\/wp\/v2\/users\/2"}],"version-history":[{"count":3,"href":"https:\/\/www.parrocchiasgibattista.it\/wordpress\/wp-json\/wp\/v2\/tribe_events\/5790\/revisions"}],"predecessor-version":[{"id":5813,"href":"https:\/\/www.parrocchiasgibattista.it\/wordpress\/wp-json\/wp\/v2\/tribe_events\/5790\/revisions\/5813"}],"wp:featuredmedia":[{"embeddable":true,"href":"https:\/\/www.parrocchiasgibattista.it\/wordpress\/wp-json\/wp\/v2\/media\/5792"}],"wp:attachment":[{"href":"https:\/\/www.parrocchiasgibattista.it\/wordpress\/wp-json\/wp\/v2\/media?parent=5790"}],"wp:term":[{"taxonomy":"post_tag","embeddable":true,"href":"https:\/\/www.parrocchiasgibattista.it\/wordpress\/wp-json\/wp\/v2\/tags?post=5790"},{"taxonomy":"tribe_events_cat","embeddable":true,"href":"https:\/\/www.parrocchiasgibattista.it\/wordpress\/wp-json\/wp\/v2\/tribe_events_cat?post=5790"}],"curies":[{"name":"wp","href":"https:\/\/api.w.org\/{rel}","templated":true}]}}

<p>Mercoledi 22 Febbraio alle ore 18.00 presso la Chiesa Parrocchiale, si celebrerà la Santa Messa delle CENERI che darà inizio al cammino penitenziale della Quaresima che ci condurrà verso la Santa Pasqua.</p>
<p><img loading="lazy" decoding="async" class="aligncenter wp-image-5792" src="http://www.parrocchiasgibattista.it/wordpress/wp-content/uploads/2023/02/Ufficio-Liturgico-Ceneri-1024x480.jpg" alt="" width="800" height="375" srcset="https://www.parrocchiasgibattista.it/wordpress/wp-content/uploads/2023/02/Ufficio-Liturgico-Ceneri-1024x480.jpg 1024w, https://www.parrocchiasgibattista.it/wordpress/wp-content/uploads/2023/02/Ufficio-Liturgico-Ceneri-300x141.jpg 300w, https://www.parrocchiasgibattista.it/wordpress/wp-content/uploads/2023/02/Ufficio-Liturgico-Ceneri-768x360.jpg 768w, https://www.parrocchiasgibattista.it/wordpress/wp-content/uploads/2023/02/Ufficio-Liturgico-Ceneri-520x245.jpg 520w, https://www.parrocchiasgibattista.it/wordpress/wp-content/uploads/2023/02/Ufficio-Liturgico-Ceneri.jpg 1280w" sizes="auto, (max-width: 800px) 100vw, 800px" /></p>

<p>Mercoledi 22 Febbraio alle ore 18.00 presso la Chiesa Parrocchiale, si celebrerà la Santa Messa delle CENERI che darà inizio al cammino penitenziale della Quaresima&#46;&#46;&#46;</p>
