{"id":145,"date":"2016-08-23T17:40:22","date_gmt":"2016-08-23T15:40:22","guid":{"rendered":"http:\/\/www.parrocchiasgibattista.it\/wordpress\/?page_id=145"},"modified":"2016-10-18T10:20:09","modified_gmt":"2016-10-18T08:20:09","slug":"san-rocco","status":"publish","type":"page","link":"https:\/\/www.parrocchiasgibattista.it\/wordpress\/san-rocco\/","title":{"rendered":"San Rocco"},"content":{"rendered":"<p style=\"text-align: left;\"><img loading=\"lazy\" decoding=\"async\" class=\" wp-image-65 aligncenter\" src=\"http:\/\/www.parrocchiasgibattista.it\/wordpress\/wp-content\/uploads\/2016\/08\/San_Rocco_1-212x300.jpg\" alt=\"San Rocco in Processione\" width=\"305\" height=\"432\" srcset=\"https:\/\/www.parrocchiasgibattista.it\/wordpress\/wp-content\/uploads\/2016\/08\/San_Rocco_1-212x300.jpg 212w, https:\/\/www.parrocchiasgibattista.it\/wordpress\/wp-content\/uploads\/2016\/08\/San_Rocco_1.jpg 240w\" sizes=\"auto, (max-width: 305px) 100vw, 305px\" \/><\/p>\n<p style=\"text-align: left;\">Rocco nasce a Montpellier, in Francia, da famiglia agiata, forse i Delacroix (Giovanni e Libera), che erano tra i maggiorenti cittadini e consoli della citt\u00e0.<br \/>\nFesteggiatissimo, come un segno miracoloso, veniva al mondo quando la coppia, molto avanti negli anni, aveva perso la speranza di avere un erede per l&#8217;antico casato. Ricevette una dura e religiosa educazione da parte della pia madre Libera, che lo indirizz\u00f2 verso una profonda devozione alla vergine Maria a cui \u00e8 associato in tutta l&#8217;iconografia che lo riguarda e che lo spinse sin dalla nascita a diventare un &#8220;servo di Cristo&#8221;, ossia a seguire Cristo nelle sofferenze terrene prima di accedere alla gloria celeste, come si pu\u00f2 notare dalla croce rossa marchiata sul suo petto come simbolo di vocazione eterna.<br \/>\nIl suo sentimento religioso, i suoi comportamenti abituali, consolare il pianto dell&#8217;orfano, prestare assistenza all&#8217;infermo, dare da mangiare all&#8217;affamato, il suo carattere amabile nonostante le sue ricche origini, ricordava a distanza di un secolo San Francesco d&#8217;Assisi a cui Rocco era devoto.<br \/>\nA siffatte qualit\u00e0 d&#8217;animo con armonia si univano mirabili doti della mente grazie alla formazione sino all&#8217;et\u00e0 di vent&#8217;anni presso l&#8217;universit\u00e0 di Montpellier, a cui affluivano giovani da ogni angolo della Francia. Perduti i genitori in giovane et\u00e0, distribu\u00ec i suoi averi ai poveri e s&#8217;incammin\u00f2 in pellegrinaggio verso Roma.<br \/>\nArrivato in Italia, durante le epidemie di peste andava a soccorrerne i contagiati anzich\u00e9 fuggire i luoghi ammorbati. Verosimilmente l&#8217;epidemia pi\u00f9 rilevante di cui si tratta era la peste che invest\u00ec l&#8217;Italia nel 1367-1368, anche se Rocco aveva gi\u00e0 conosciuto il drammatico evento durante la sua giovinezza, a Montpellier, prima nel 1348, poi nel 1361. Mentre la peste mieteva a migliaia le sue vittime, i colpiti non si contavano pi\u00f9 e aumentavano i cadaveri insepolti, le citt\u00e0 e campagne abbandonate, saccheggiatori e depravati, i medici indisposti a curare gli infermi, i sacerdoti insufficienti nel prestar conforto con la fede, si faceva strada quest&#8217;uomo, allora ventenne, che nonostante la sua persona debolissima (piccolo di statura, pelle bianca, mani sottili ed eleganti, capelli biondi e arricciati, occhi dolci e pensosi e una testa piccola e regolare) si sentiva ugualmente idoneo ad affrontare il grave pericolo di un lungo viaggio e dedicarsi alla sua vera vocazione: la carit\u00e0, senza alcun limite di tempo e spazio.<br \/>\nUn fatto straordinario accompagn\u00f2 la missione del giovane pellegrino ad Acquapendente (una delle poche citt\u00e0 ricordate unanimemente da tutte le antiche agiografie): su invito di un angelo, egli benediceva gli appestati con il segno della croce e all&#8217;istante li guariva toccandoli con la mano taumaturgica.<br \/>\nCos\u00ec, in breve tempo, l&#8217;epidemia si estinse. Intervenne in altre epidemie, occupandosi di malati che, a volte, venivano abbandonati persino dai familiari. Molti di essi guarirono in modo miracoloso, cosa che inizi\u00f2 a far emergere i carismi del santo presso la gente.<br \/>\nGiunto a Roma tra il 1367 ed il 1368, vi rimase tre anni e qui cur\u00f2, fino ad ottenerne la guarigione, un cardinale che lo present\u00f2 al papa. Anche il ritorno da Roma a Montpellier fu interrotto da un&#8217;epidemia di peste, in corso a Piacenza.<br \/>\nRocco vi si ferm\u00f2 ma, mentre assisteva gli ammalati dell&#8217;Ospedale di Santa Maria di Betlemme, venne contagiato. Allora, un po&#8217; per non aumentare il contagio e un po&#8217; per tener fede al voto di anonimato che aveva fatto come pellegrino, si trascin\u00f2 fino ad una grotta (tuttora esistente, trasformata in luogo di culto) lungo il fiume Trebbia, in una zona che all&#8217;epoca era alla periferia di Sarmato, sempre sulla via Francigena.<br \/>\nLa tradizione indica a questo punto un cane (che tanti artisti dipingeranno o scolpiranno al fianco del santo) che durante la degenza di Rocco appestato provvedeva quotidianamente a portargli come alimento un pezzo di pane sottratto alla mensa del suo padrone e signore del castello di Sarmato, il nobile Gottardo Pallastrelli, che, seguito il cane per i tortuosi sentieri della selva, giunse in quella capanna dove Rocco gemeva per terra.<br \/>\nSoccorso e curato dal nobile signore, Rocco riprese il suo cammino. Gottardo voleva seguirlo nella vita di penitenza ma Rocco glielo sconsigli\u00f2.<br \/>\nNonostante ci\u00f2, talmente commosso alla vista di quel mendico e affascinato dalle sue parole, cedette anch&#8217;egli ai poveri il suo patrimonio e si ritir\u00f2 da pellegrino in quella capanna.<br \/>\nGottardo divenne il primo biografo del santo pellegrino e (secondo la tradizione) ne dipinse il primo ritratto, tuttora visibile, affrescato nella chiesa di Sant&#8217;Anna di Piacenza.<br \/>\nTuttavia il pi\u00f9 antico simulacro che lo raffigura sembra proprio essere la statuetta ora conservata a Grenoble.<br \/>\nLa peste intanto riapparse di nuovo violenta a Piacenza e Rocco ritorn\u00f2 in citt\u00e0 sul campo d&#8217;azione; debellato definitivamente il morbo nella citt\u00e0 e nei villaggi circostanti il Santo si ritir\u00f2 nella selva, per occuparsi degli animali colpiti dalla peste, non pi\u00f9 isolato bens\u00ec accompagnato da parecchi piacentini che professandosi suoi discepoli, mostrarono l&#8217;interesse di coadiuvarlo e trasmettere il suo coraggio e le sue parole.<br \/>\nEsaurito il suo compito, decise di ritornare in patria. Quello che sarebbe dovuto essere il ritorno a Montpellier per\u00f2 si interruppe a Voghera. In quelle regioni funestate dalla guerra giunse Rocco della Croce, anelante di ritornare in patria senz&#8217;altro chiedere che tranquilla ospitalit\u00e0.<br \/>\nDalla barba lunga e incolta, avvolto in poveri e polverosi abiti, con il viso trasfigurato dalla sofferenza della peste, giunse al confine della cittadina non sfuggendo n\u00e9 alla curiosit\u00e0 della gente n\u00e9 alla vigilanza delle sentinelle. Nessuno lo riconobbe, pur essendo i suoi parenti per parte di madre di origine lombarda: sospettato per la sua riluttanza e scambiato per una spia, fu legato e condotto dinanzi al governatore Guglielmo della Croce, suo zio paterno, che non lo riconobbe e nulla fece Rocco per farsi riconoscere.<br \/>\nSenza ulteriori indagini, senza processo fin\u00ec in carcere senza ribellarsi, e vi rest\u00f2 per un lungo periodo (dai tre ai cinque anni, a seconda delle biografie) dimenticato da tutti.<br \/>\nLa prigionia fu vissuta dal Santo in un tormentoso silenzio e nel desiderio di essere lasciato in solitudine nel carcere senza essere riconosciuto per vivere quei pochi giorni che gli restavano da vivere. Nonostante gli innumerevoli sforzi di un sacerdote, insospettitosi dello strano atteggiamento di Rocco durante le sue visite in carcere, di perorare la causa del prigioniero, il governatore non prest\u00f2 ascolto; intanto nella cittadina si diffuse la voce che nelle carceri un innocente si lasciava morire.<br \/>\nMor\u00ec trentaduenne, nella notte tra il 15 ed il 16 agosto di un anno imprecisato tra il 1376 ed il 1379 nel carcere di Voghera, dove gi\u00e0 nel 1382 era attestata la prima festa in suo onore.<br \/>\nLa notizia della sua morte in Montpellier lasci\u00f2 un intenso dolore che invase l&#8217;intera popolazione e lo sgomento per aver fatto morire un innocente in carcere. Tale commozione esplose quando il ritrovo di una tavoletta a fianco della salma sulla quale erano incisi a carattere d&#8217;oro il nome di Rocco della Croce e le seguenti parole: \u00abChiunque mi invocher\u00e0 contro la peste sar\u00e0 liberato da questo flagello\u00bb e il riconoscimento da parte di una dama probabilmente la nonna di Rocco, madre del governatore, grazie alla croce rossa impressa nelle carni dell&#8217;uomo, confermarono l&#8217;identificazione. Il compianto di un&#8217;intera cittadinanza fu il premio di tanta virt\u00f9 e in sua memoria la salma su cui si scolpirono le parole rinvenute sulla tavoletta fu deposta nella principale chiesa di Montpellier.<\/p>\n","protected":false},"excerpt":{"rendered":"<p>Rocco nasce a Montpellier, in Francia, da famiglia agiata, forse i Delacroix (Giovanni e Libera), che erano tra i maggiorenti cittadini e consoli della citt\u00e0.&#46;&#46;&#46;<\/p>\n","protected":false},"author":1,"featured_media":0,"parent":0,"menu_order":5,"comment_status":"closed","ping_status":"closed","template":"","meta":{"footnotes":""},"class_list":["post-145","page","type-page","status-publish","hentry"],"_links":{"self":[{"href":"https:\/\/www.parrocchiasgibattista.it\/wordpress\/wp-json\/wp\/v2\/pages\/145","targetHints":{"allow":["GET"]}}],"collection":[{"href":"https:\/\/www.parrocchiasgibattista.it\/wordpress\/wp-json\/wp\/v2\/pages"}],"about":[{"href":"https:\/\/www.parrocchiasgibattista.it\/wordpress\/wp-json\/wp\/v2\/types\/page"}],"author":[{"embeddable":true,"href":"https:\/\/www.parrocchiasgibattista.it\/wordpress\/wp-json\/wp\/v2\/users\/1"}],"replies":[{"embeddable":true,"href":"https:\/\/www.parrocchiasgibattista.it\/wordpress\/wp-json\/wp\/v2\/comments?post=145"}],"version-history":[{"count":4,"href":"https:\/\/www.parrocchiasgibattista.it\/wordpress\/wp-json\/wp\/v2\/pages\/145\/revisions"}],"predecessor-version":[{"id":248,"href":"https:\/\/www.parrocchiasgibattista.it\/wordpress\/wp-json\/wp\/v2\/pages\/145\/revisions\/248"}],"wp:attachment":[{"href":"https:\/\/www.parrocchiasgibattista.it\/wordpress\/wp-json\/wp\/v2\/media?parent=145"}],"curies":[{"name":"wp","href":"https:\/\/api.w.org\/{rel}","templated":true}]}}